{"id":43,"date":"2016-07-14T07:57:06","date_gmt":"2016-07-14T07:57:06","guid":{"rendered":"http:\/\/certyfikat.okiemmamy.pl\/krecik\/?page_id=43"},"modified":"2018-05-18T11:09:32","modified_gmt":"2018-05-18T09:09:32","slug":"intro","status":"publish","type":"page","link":"https:\/\/certyfikat.okiemmamy.pl\/krecik\/","title":{"rendered":"Informacje o projekcie"},"content":{"rendered":"<p><strong>Nie tak dawno temu,<\/strong> w niezupe\u0142nie odleg\u0142ej krainie, \u017cy\u0142 sobie ma\u0142y Ja\u015b. Czas szybko p\u0142yn\u0105\u0142 i nieoczekiwanie nadszed\u0142 dzie\u0144, w kt\u00f3rym wszystko mia\u0142o si\u0119 zmieni\u0107 \u2013 trzyletni ch\u0142opiec szed\u0142 do przedszkola!<\/p>\n<p><strong>Nie mia\u0142 jednak na to najmniejszej ochoty<\/strong>&#8230; Chcia\u0142 podr\u00f3\u017cowa\u0107 z przyjacielem \u2013 Krecikiem Filipem. Tak jak on, chcia\u0142 zwiedza\u0107 odleg\u0142e krainy i poznawa\u0107 nowych ludzi i ich tradycje, a tak\u017ce zderzy\u0107 si\u0119 z egzotyczn\u0105 ro\u015blinno\u015bci\u0105 i nietypowymi zwierz\u0119tami. Rodzice \u0142amali r\u0119ce \u2013 przecie\u017c przedszkole to najlepsze miejsce dla ich ma\u0142ego synka! Z b\u00f3lem serca musieli si\u0119 podda\u0107&#8230; \u017badna si\u0142a nie by\u0142a w stanie przekona\u0107 malca do tego pomys\u0142u! Zmartwiony Krecik postanowi\u0142 dzia\u0142a\u0107. Czego dokona\u0142 i czy uda\u0142o mu si\u0119 nam\u00f3wi\u0107 Jasia do pierwszej, przedszkolnej edukacji?<\/p>\n<p><strong>Jaki \u015bwiat pokaza\u0142 przyjacielowi i czy razem wyruszyli podr\u00f3\u017c dooko\u0142a Polski?<\/strong><\/p>\n<p>Tego wszystkiego dowiecie si\u0119 z audiobooka \u201e<em>Podr\u00f3\u017cuj z Kretem\u00a0Filipem<\/em>\u201d.<\/p>\n<p>Zach\u0119camy was do pos\u0142uchania bajki Magiczny Pozna\u0144 tekst i wyk. Bizimummy.blogspot.com<br \/>\n<iframe loading=\"lazy\" src=\"https:\/\/www.youtube.com\/embed\/UyQFUl0gXZo\" width=\"560\" height=\"315\" frameborder=\"0\" allowfullscreen=\"allowfullscreen\"><\/iframe><br \/>\nDoch\u00f3d ze sprzeda\u017cy p\u0142yty przeznaczony jest na wsparcie <a href=\"http:\/\/www.certyfikat.okiemmamy.pl\/\"><strong>Certyfikat\u00f3w OkiemMamy Miejsca Przyjazne Rodzinie z Dzie\u0107mi.\u00a0<\/strong><\/a><\/p>\n","protected":false},"excerpt":{"rendered":"<p>Nie tak dawno temu, w niezupe\u0142nie odleg\u0142ej krainie, \u017cy\u0142 sobie ma\u0142y Ja\u015b. Czas szybko p\u0142yn\u0105\u0142 i nieoczekiwanie nadszed\u0142 dzie\u0144, w kt\u00f3rym wszystko mia\u0142o si\u0119 zmieni\u0107 \u2013 trzyletni ch\u0142opiec szed\u0142 do przedszkola! Nie mia\u0142 jednak na to najmniejszej ochoty&#8230; Chcia\u0142 podr\u00f3\u017cowa\u0107 z przyjacielem \u2013 Krecikiem Filipem. Tak jak on, chcia\u0142 zwiedza\u0107 odleg\u0142e krainy i poznawa\u0107 nowych [&hellip;]<\/p>\n","protected":false},"author":1,"featured_media":0,"parent":0,"menu_order":0,"comment_status":"closed","ping_status":"closed","template":"","meta":[],"_links":{"self":[{"href":"https:\/\/certyfikat.okiemmamy.pl\/krecik\/wp-json\/wp\/v2\/pages\/43"}],"collection":[{"href":"https:\/\/certyfikat.okiemmamy.pl\/krecik\/wp-json\/wp\/v2\/pages"}],"about":[{"href":"https:\/\/certyfikat.okiemmamy.pl\/krecik\/wp-json\/wp\/v2\/types\/page"}],"author":[{"embeddable":true,"href":"https:\/\/certyfikat.okiemmamy.pl\/krecik\/wp-json\/wp\/v2\/users\/1"}],"replies":[{"embeddable":true,"href":"https:\/\/certyfikat.okiemmamy.pl\/krecik\/wp-json\/wp\/v2\/comments?post=43"}],"version-history":[{"count":16,"href":"https:\/\/certyfikat.okiemmamy.pl\/krecik\/wp-json\/wp\/v2\/pages\/43\/revisions"}],"predecessor-version":[{"id":237,"href":"https:\/\/certyfikat.okiemmamy.pl\/krecik\/wp-json\/wp\/v2\/pages\/43\/revisions\/237"}],"wp:attachment":[{"href":"https:\/\/certyfikat.okiemmamy.pl\/krecik\/wp-json\/wp\/v2\/media?parent=43"}],"curies":[{"name":"wp","href":"https:\/\/api.w.org\/{rel}","templated":true}]}}

<p><strong>Nie tak dawno temu,</strong> w niezupełnie odległej krainie, żył sobie mały Jaś. Czas szybko płynął i nieoczekiwanie nadszedł dzień, w którym wszystko miało się zmienić – trzyletni chłopiec szedł do przedszkola!</p>
<p><strong>Nie miał jednak na to najmniejszej ochoty</strong>&#8230; Chciał podróżować z przyjacielem – Krecikiem Filipem. Tak jak on, chciał zwiedzać odległe krainy i poznawać nowych ludzi i ich tradycje, a także zderzyć się z egzotyczną roślinnością i nietypowymi zwierzętami. Rodzice łamali ręce – przecież przedszkole to najlepsze miejsce dla ich małego synka! Z bólem serca musieli się poddać&#8230; Żadna siła nie była w stanie przekonać malca do tego pomysłu! Zmartwiony Krecik postanowił działać. Czego dokonał i czy udało mu się namówić Jasia do pierwszej, przedszkolnej edukacji?</p>
<p><strong>Jaki świat pokazał przyjacielowi i czy razem wyruszyli podróż dookoła Polski?</strong></p>
<p>Tego wszystkiego dowiecie się z audiobooka „<em>Podróżuj z Kretem Filipem</em>”.</p>
<p>Zachęcamy was do posłuchania bajki Magiczny Poznań tekst i wyk. Bizimummy.blogspot.com<br />
<iframe loading="lazy" src="https://www.youtube.com/embed/UyQFUl0gXZo" width="560" height="315" frameborder="0" allowfullscreen="allowfullscreen"></iframe><br />
Dochód ze sprzedaży płyty przeznaczony jest na wsparcie <a href="http://www.certyfikat.okiemmamy.pl/"><strong>Certyfikatów OkiemMamy Miejsca Przyjazne Rodzinie z Dziećmi. </strong></a></p>

<p>Nie tak dawno temu, w niezupełnie odległej krainie, żył sobie mały Jaś. Czas szybko płynął i nieoczekiwanie nadszedł dzień, w którym wszystko miało się zmienić – trzyletni chłopiec szedł do przedszkola! Nie miał jednak na to najmniejszej ochoty&#8230; Chciał podróżować z przyjacielem – Krecikiem Filipem. Tak jak on, chciał zwiedzać odległe krainy i poznawać nowych [&hellip;]</p>
